4).
61
Evaluate -49 - (-40 - 7) - 21.
-23
What is 73 + -74 + -120 - (-8 + 3)?
-116
What is (55 - (-25 + 79)) + 6?
7
Calculate (3 - -29) + (0 - 15) + 9 + 0 - 11.
15
Evaluate 145 + -128 - (8 - ((-1 - 7) + 2)).
3
What is the value of -704 - -711 - (-1 + 45 + 2)?
-39
What is the value of -29 - (40 + -33 + 29 + -25)?
-40
What is 9 - 2 - 85 - (-6 - (-36 + -10 + 28))?
-90
-12 - (-5 - (-3 - 5) - 11)
-4
Evaluate 0 + 0 + (-5 - 0) + -234 + 234 - 22.
-27
What is the value of -1 + 0 - 30 - ((-58 - -32) + 70 - 38)?
-37
What is the value of (-39 - (-31 - -6)) + -1 + (-2 - 1)?
-18
Evaluate -5 + (6 - -35) - ((6 - -3) + -1 - 3).
31
What is the value of -136 - (-58 + (138 - 110))?
-106
9 - 26 - (-17 - -3) - -21
18
What is 2 + 15 + (557 - 583) + (-2 - -14)?
3
51 + 25 + -51 + 11 + 14
50
What is the value of (-65 - -32 - -35) + -27 + -37?
-62
What is 13 + -25 + 16 - 4 - -7 - -21?
28
What is (78 + -31 - 31) + 20 + -2 + -4 + -4?
26
1 - 2 - -4 - (7 + 10) - 25
-39
What is 8 - 67 - 0 - (8 + -1 + -5 - 0)?
-61
What is (-34 - -14) + 85 + -27 + 5?
43
540 - 494 - (2 - -28)
16
Evaluate (40 + -45 - (-47 + -6)) + -14 + 1.
35
What is (-6 - -33 - (114 + -106)) + -5?
14
What is the value of 40 + -35 - -42 - (-9 + 1) - -4?
59
-1 + -18 + 40 + 31
52
Evaluate 14 + 14 + (-171 + 173 - (1 + 9)).
20
What is the value of 42 + (-47 - -45) + 19 + -4 + -1?
54
Evaluate -9 - (-114 - (-59 + -21)).
25
Evaluate (7 - (17 + -5) - (-8 + 4)) + -60 + 10.
-51
Evaluate 964 + -976 - (140 + 1 + 3 + (3 - 8)).
-151
Evaluate -25 + (-23 + 104 - 32).
24
What is the value of (-67 - -2) + -78 + 96 + 0?
-47
Calculate -6 - (22 - 13 - (-6 - 2 - -71)).
48
-68 + 4 + 1 - (-48 - (-23 - 25))
-63
Calculate (8 - -12) + (19 - -35) + -32.
42
Calculate 83 + (119 - (299 - 41)).
-56
What is -65 - (-25 + 33) - -63?
-10
15 - 2 - (1 + 51 - (73 + -74))
-40
-98 - (-3560 + 3552 - (-14 - (-2 - (-2 + 0))))
-104
What is the value of (34 - 44) + -21 + 62?
31
19 - ((-26 - -17 - (-19 - 1)) + 0)
8
Evaluate 0 - -100 - 0 - (-6 + -79 + 28 + 50).
107
What is -6 - (-9 + 20 + (35 - 23 - 31))?
2
What is the value of (-1 - 4 - -11 - (-6 - (-9 + 7))) + -9?
1
12 - (46 - ((-49 - -52) + -1 + -8))
-40
Evaluate (-818 - -787) + (-1 - -10).
-22
-9 - 33 - (17 + -10 + 13)
-62
Evaluate (22 - 14) + (-55 - 0) + 9 + -3 + 1.
-40
What is 0 + -24 - (-54 + 84 - 33)?
-21
What is the value of (-1 - 0) + 3 + (1 - -27 - (-851 - -916))?
-35
What is -5 + 18 - 0 - (-916 - -891 - (-1 - -39))?
76
Calculate 10 + -54 + (37 - -28).
21
What is the value of -1 + -2 + 23 - 19 - 37?
-36
What is the value of (-159 - -305 - 164) + -130?
-148
(1 - (-16 - -7 - 5 - (12 + 94))) + 10
131
What is the value of (132 - 55 - 151) + 64 + -85 + -1 + 3?
-93
Calculate -11 + -2 + 10 + 2 + (-6 - (-12 - -14)).
-9
Evaluate (-43 - -43) + ((7 - 8) + 49 - (-2 + 5)).
45
What is the value of 100 - ((-6 - (-5 + 24) - -2) + -2)?
125
What is the value of 5 - (-1 + (-6 - -2) + (110 - (14 - -47)))?
-39
Calculate -28 - -15 - (-33 + 8 + 18).
-6
What is the value of 54 - (30 + -40 - -12 - -32)?
20
Calculate (34 - 51 - -4) + -25.
-38
-142 - -99 - (1 - 11 - -4)
-37
(19 - 15) + (11 + -28 - -13) + -6
-6
Calculate -8 - (-44 + -43 + 125).
-46
Calculate -23 - 52 - -31 - -11 - (11 - -1).
-45
What is -241 - -266 - ((-5 - (2 - 6)) + -2)?
28
105 - -43 - 39 - 70
39
Evaluate (2 - (2 + -1)) + -76 + 71 - -4.
0
What is -80 + (47 + 80 - -19)?
66
What is the value of (-15 + 7 - 8) + 276 + -273?
-13
71 + 35 + -36 - 74
-4
What is the value of -192 + 80 + 56 + -4 + 2 + 19?
-39
(-16 - (-4 + 6)) + 11 + 54 + 19
66
(1557 - 1685) + -4 + (-1 - (-5 + 5 + 4))
-137
What is the value of (22 - 9 - 2) + -8 + 3 + 6 - -7?
19
Evaluate -20 + 14 + (-14 - (-30 + 17)) - (-5 + 0).
-2
What is the value of -2 + 4 + -3 + ((-15 - 6) + 19 - -76)?
73
Calculate 195 - 62 - 53 - (5 + (3 - (6 - 2))).
76
What is the value of (-19 + 30 + -27 - (9 + -3)) + (10 - -1)?
-11
Calculate (-1 - 5) + (-41 + (13 - -50) - 39).
-23
4 - 0 - ((7 - 7) + 13)
-9
What is 74 + (241 - 229 - (0 + -25))?
111
What is -7 + -1 + (0 - -2) + -59 + 64 + -102?
-103
(-46 - -55 - 23) + 8
-6
Evaluate 7 + 5 + -4 + 16 + (7 - 7) + -52.
-28
Evaluate (17 - (49 - 25)) + (-4 - -2) + -27 + -4.
-40
Evaluate (-85 - -8) + (-6 - (12 - 6 - 4)) + 7.
-78
What is the value of (3 + 11 - 19) + -21 + -47?
-73
(46 - 85) + -16 + 61
6
What is (21 - 7 - 28) + -96 + (-8 - (-18 - -10))?
-110
Evaluate 19 + (125 - (70 - 4 - 29)).
107
Evaluate -20 + (47 - 62 - -16) - -147.
128
Calculate -101 - (13 + -240 + 121).
5
(-44 - -4) + -8 - -52
4
What is 52 + -58 + (5 - 10) - 9?
-20
Calculate 51 + (-46 + -25 - -19).
-1
Calculate (6 - 1) + (-67 - -134) - (-22 + 24).
70
What is -10 + (-59 - -17) + -3 + -21?
-76
What is the value of 53 - 8 - (-23 + (-10 - -47))?
31
What is (12 - 49 - -13 - (6 - 19)) + 1?
-10
-110 + -109 + 276 + 35
92
Calculate -104 + (25 - 10) + -15.
-104
Evaluate -13 - (-113 - (48 + -87)).
61
-32 + -33 + 18 + (-14 - 1)
-62
What is 43 + (2 - -8) + (16 - 9 - 2)?
58
What is -97 + -9 + -2 + -9 + (27 - (14 + 0))?
-104
Calculate (-15 - (11 + -10 - 24) - -117) + 12.
137
-1 - -12 - (-65 + (-25 - -47) - -4)
50
Evaluate 48 + (3 + -76 - 5).
-30
Evaluate -21 - ((-13 - 48) + 26).
14
What is the value of 34 - 35 - (-1 - (-1 + -5)) - -9?
3
Calculate -75 - (17 - (16 - 3)) - -10 - -19.
-50
98 - -3 - (40 + 59 + -56)
58
What is 95 - -1 - (20923 + -20739)?
-88
Evaluate 4 + 0 - (-43 - (-276 - -165)).
-64
Calculate -57 - (-7 - 117) - -12.
79
What is (-8 - (-9 + -15)) + 1 - (-6 + -10 + 23)?
10
What is -44 + 22 + -34 - -51?
-5
What is (-9 - 1 - (-3 + 1)) + 81 + -32 + -71?
-30
What is -13 + (-2 - -5) + -377 + 374?
-13
What is -81 + (-18 - (-27 + 11)) - -1 - (-5 - -15)?
-92
Evaluate 21 + (4 - 9) + (-46 - -6).
-24
Evaluate (70 + (1 - 46) - (92 + 0)) + 19.
-48
What is the value of -77 - (-4 - 0) - (-5 - -4 - (55 - 64))?
-81
Calculate 25 - (186 + (-47 - 35)).
-79
11 - -2 - (-24 + -18 + -10 + 46)
19
Evaluate 6 + 3 + -3 - (174 + -201).
33
4 + (-41 + 51 - (11 - 7 - (1 - 5)))
6
Evaluate 4 - ((6 - 8) + -7 - (30 - 35)).
8
What is the value of 1298 + -1221 + (-11 - (4 - 3) - -3)?
68
What is -14 + (22 - 11) + 17 + -44?
-30
Evaluate 49 + 0 - (-4270 + 4345).
-26
What is the value of -122 + 118 + (-17 - 0)?
-21
Calculate -9 - (-12 - 1 - (19 + -9)) - 78.
-64
What is (22 - (21 - -32)) + -17?
-48
What is (31 - ((-2 - -21) + -6)) + -53?
-35
Evaluate 60 - (87 + -118 - -23).
68
What is -150 - -1 - -175 - (0 - 60)?
86
What is 851 - 847 - (-56 + 6 - 1)?
55
Calculate (-75 - -28) + 49 + -73 + 3 + 1.
-67
-108 + (8 - (17 + -66))
-51
What is the value of 25 - (91 + -31 + -17)?
-18
What is -55 + 48 + -30 + 38 + (-1 - 1)?
-1
Calculate -7 + 14 + (33 - -5) + -9.
36
What is the value of -60 + 93 + -45 + 46?
34
-23 + 11 - (-487 - -473)
2
What is -6 + 49 + -48 + 10 + -3 + -3 + -54?
-55
Calculate 1 - -14 - (2 - (26 - (32 + -21))).
28
What is the value of -1 - (-14 + 70 + (-1 - 1 - -8))?
-63
Evaluate 3 + -87 + (-7 - 0 - (-30 - -76 - 56)).
-81
What is the value of (-7 - 2 - (-29 + 29)) + -181 + 279?
89
What is the value of (-22 + -9 - -69) + -45 + 75 + 1?
69
What is the value of (-17 + -4 - -16) + 9 - ((4 - 22) + 7)?
15
What is (23 - 4 - (12 - 33)) + 6?
46
What is the value of -73 + -3 - (42 + (12 - 82))?
-48
Evaluate -1 + 27 + (10 - (-6 + 3 - 5) - 24).
20
What is the value of -27 + (-16 - -7) + -53 + 38?
-51
Calculate -14 + -2 + -8 - (-32 + (-177 - -32)).
153
What is 24 + 52 + -13 + 44 + -43?
64
Evaluate -43 + 36 - (-7 - -10 - -1) - 10.
-21
Evaluate 2 - -17 - 16 - 24 - -23.
2
0 + -12 - (10 - (93 - 80))
-9
-2 + 7 + 21 + -13 + (-87 - -10)
-64
What is the value of (8 + -3 - 3 - -16) + -10 + (24 - 23)?
9
Evaluate -2 + (7 - -1) - ((57 - (-26 - -7)) + -18).
-52
What is the value of 2 - (26 - (38 - 27)) - -14?
1
What is 64 + 7 - 7 - ((-6 - -7) + 7 + -10)?
66
Evaluate -62 + (-98 + 107 - (6 - (-1 - -2) - -4)).
-62
What is 344 - 327 - (-80 + -23)?
120
What is the value of 1 + 0 + (-41 - (-60 + 45))?
-25
Calculate 1 + 63 - (-216 - -90 - -147).
43
Calculate 256 + -261 - (14 + -90).
71
Calculate 30 + 26 + -56 + 42 - 95.
-53
-1 - (-41 - -17 - (-6 + 20))
37
Evaluate -13 + -23 + 1 + 6 + 17.
-12
What is the value of -3 + 49 + -9 + 18 + 5 + -10 + -7?
43
Calculate -45 - (-18 + -35 + 52).
-44
What is the value of -2 + -7 + 9 + (12 - 5) + -3?
4
Evaluate -45 - -115 - 108 - ((-4 + 1 - -3) + -10).
-